 5*q - 4*m = 110 + 63, 4*q - 3*m - 138 = 0. Suppose q - 1 = y. Suppose -24 - y = -7*g. What is the highest common divisor of g and 24?
8
Suppose -z + 2*d - 1990 = 4*z, 2*d = -5*z - 2010. Let k be z/30*-3*2. Let x = -962 - -978. Calculate the greatest common divisor of x and k.
16
Let t(u) = -u + 37. Let v be t(6). Let k(r) = -2*r - 6. Let b be k(-3). Suppose b = j - 6*j + 465. Calculate the highest common divisor of v and j.
31
Suppose -102 = -0*b - 3*b. Let r = -132 - -136. Let a be 170 + -1 - r*(-6)/24. Calculate the greatest common divisor of b and a.
34
Let m(v) = -2*v - 2. Let s be m(-11). Let u be (24/10)/((-3)/(-190)). Suppose 3*x + g = 148, -g + u = 3*x - 2*g. What is the greatest common factor of s and x?
10
Let q(i) = i**3 - i**2 - 4*i. Let l be q(3). Suppose l*d = 4*d - 38. Let r = d - -39. Calculate the greatest common factor of 30 and r.
10
Let a(h) = 5*h**2 + 5*h. Suppose -2*n + 16 = b - 4*b, 5*b - 5 = -3*n. Let m be a(b). Calculate the highest common divisor of 290 and m.
10
Let a(l) = 6*l**3 - 435*l**2 + 82*l - 133. Let m be a(73). What is the greatest common factor of 70 and m?
70
Suppose -4*r - 2*h + 6*h = -96, 2*r - 83 = -5*h. Let g = 40 - r. Suppose 0 = -g*y + 34 + 21. What is the greatest common factor of y and 5?
5
Let h = 68 + -12. Suppose 8*y = h - 16. Suppose -i = 2*l - 0 - y, -3*l - 2*i + 9 = 0. Calculate the highest common divisor of l and 2.
1
Let d = 113 - 116. Let s be (4/d + 4)*33. Calculate the highest common factor of 8 and s.
8
Let a(p) = -p**2 + 23*p - 78. Let q be a(18). Let n be ((-10)/q)/(-5) + (-10894)/(-156). What is the greatest common divisor of n and 20?
10
Suppose -f + 6*r = -57, -f + 0*r + r = -37. What is the highest common factor of f and 1595?
11
Let r be (0 + 4)/((-8)/20). Let m be ((-10)/r)/((-2)/(-40)). Suppose 3*u - 51 = -3*i, 3 = -3*u + 3*i + 24. What is the highest common factor of m and u?
4
Let v = 7 + -17. Let b be (v/(-20))/((-1)/4). Let l be 8/(4/b) - -20. What is the highest common divisor of 2 and l?
2
Let h = 7852 - 7797. What is the highest common factor of h and 2464?
11
Suppose -34*a + i + 5624 = -29*a, -4*a + 4*i = -4512. Calculate the highest common factor of 8 and a.
4
Let y be (-221)/17*(3 - 2)*1. Let z(x) = x**3 + 14*x**2 + 5*x + 2. Let r be z(y). Let j = r - 97. Calculate the highest common divisor of j and 144.
9
Suppose -26 = -3*g + 10. Let w be (-17 - -16) + -1 + 3. Let i be (0 - w) + (0 - -52)/4. What is the highest common factor of i and g?
12
Let r(y) be the second derivative of y**5/20 + 13*y**4/12 - y**3 - 30*y**2 - 2*y + 6. Let f be r(-13). What is the highest common factor of 96 and f?
6
Let a be 72*9/(108/16). Let x = 56 - a. Let g = -26 - x. What is the highest common factor of g and 21?
7
Let v(c) = 2*c**2 - 3*c + 4. Let i be v(5). Let u be 333 - 3*-5*(-60)/(-50). What is the highest common factor of i and u?
39
Let o = -63 - -88. Let i be (200/150)/((-4)/(-3)). Calculate the highest common divisor of i and o.
1
Let v(o) = 3*o - 7*o + 14 - 8*o + 31 - 4*o. Let z be v(0). What is the highest common divisor of z and 18?
9
Suppose -5*y - 1625 = -28*y - 153. Calculate the highest common divisor of 218 and y.
2
Let g be (281880/(-9135))/((-5)/(-7) - 1). What is the highest common divisor of 76 and g?
4
Let r be ((-15)/(-12))/(-5*12/(-11520)). Calculate the highest common factor of r and 5360.
80
Suppose -7*j + 10*j - 8773 = -2*a, 0 = j + 5*a - 2946. What is the highest common divisor of 46 and j?
23
Suppose -x + 40 + 1 = -2*y, -3*x - 4*y + 153 = 0. Suppose x*r = 50*r - 231. What is the highest common factor of 22 and r?
11
Suppose 0 = 9*v - 46 - 8. Suppose -886 = v*d + 1544. Let a be 1 - 0 - d/(8 + -5). What is the highest common factor of 17 and a?
17
Let f(r) = 30*r + 195. Let j be f(6). Calculate the greatest common factor of 3 and j.
3
Let h be 70*(-132)/(-77)*5. What is the highest common factor of 132 and h?
12
Suppose 72*o + 43*o = 2017435 - 89230. Calculate the highest common factor of 69 and o.
69
Let l(p) = -p**3 - 2*p**2 + 7*p. Let h be l(-5). Let q(k) = 18*k**2 + 100*k - 2. Let v be q(-7). What is the greatest common divisor of v and h?
20
Suppose 72 = 6*a - 9*a. Let y be (a/14)/(-3) + 960/84. Suppose 0*i = 3*i - y. What is the highest common divisor of 20 and i?
4
Suppose -264*l + 150*l + 164*l - 7200 = 0. What is the highest common divisor of l and 18432?
144
Let j = -19 + 23. Suppose -j*u + 66 - 22 = -2*d, -3*d - 36 = -3*u. Let c = 53 - 48. Calculate the greatest common divisor of u and c.
5
Suppose 3*u - 2313 = -2289. Calculate the greatest common divisor of 1208 and u.
8
Let g(c) = -c**3 + 4*c**2 + c + 4. Let a be g(4). Suppose -4 = a*l - 9*l. Suppose -o = -64 + l. Calculate the highest common divisor of o and 12.
12
Let k(l) = 43*l + 2. Let g be k(5). Let r(x) = 9*x**3 - 200*x**2 + 200*x - 2. Let f be r(1). What is the greatest common divisor of f and g?
7
Suppose -2*l + 4*a = 34, 0 = l + 3*a + 13 - 11. Let n be 11/(1210/20) - 328/l. Suppose -2*r = r - 270. What is the greatest common factor of r and n?
30
Suppose 2717 = -62*s + 8917. What is the greatest common factor of s and 2340?
20
Let l = -127 + 137. Suppose l*j = -j + 231. Calculate the greatest common divisor of 42 and j.
21
Suppose -68*w = -69*w - 3*b + 2182, 2*b = -3*w + 6511. Calculate the greatest common factor of w and 44.
11
Let l be (9 + 4)/((-7 - -4)/(-21)). Let k be ((-10)/6)/((-7)/273). What is the greatest common factor of l and k?
13
Let b = 16917 + -16875. Suppose 0*q = -4*q - 36. Let r = 30 + q. What is the greatest common factor of r and b?
21
Let g(a) = 12*a - 35. Let f be g(3). Let m be 1 - -155 - (f - (-5)/(-5)). Calculate the highest common factor of 24 and m.
12
Suppose 1720 - 392 = 83*j. Suppose -736 = -2*b - 4*f, -2*f = -4*b + 6*b - 736. What is the greatest common divisor of b and j?
16
Suppose 5*t = -s + 2043, -6*t = -5*s - 11*t + 10235. Calculate the greatest common divisor of s and 96.
32
Let s be (636/(-16))/(-1 + (-10)/(-16)). What is the greatest common factor of 74 and s?
2
Let d = 2545 - 2537. Let h = -7 + -5. Let n = -11 - h. Calculate the highest common divisor of d and n.
1
Let l = -18422 + 18427. Let z = -79 + 204. Calculate the highest common divisor of l and z.
5
Let w be 10 - 0 - (-2 + 1). Suppose 33 = -5*o + 43. Let m be 216 - -5 - 6 - 12/o. What is the highest common factor of w and m?
11
Let n(y) = y**2 + 14*y + 22. Let i be n(-12). Let p = 245 + i. Calculate the greatest common factor of 9 and p.
9
Let n = -949 - -1617. Suppose 142 = 9*x - n. Let c = x + -38. What is the highest common divisor of c and 13?
13
Suppose -3*x - 3 = -3*b + 27, -17 = -2*b + 5*x. Suppose -10*k + b*k = 96. Calculate the highest common factor of k and 144.
48
Suppose 2*b - 2 = 3*t, -5*t - 19 = 1. Let n be 2*b/2 + 44. What is the highest common divisor of n and 13?
13
Let p = -24332 - -24652. Suppose 2*k + 20 = 3*k. What is the highest common divisor of k and p?
20
Suppose -5*x = o - 6*x - 6, -14 = -3*o - x. Suppose -2*l + 13*l - 715 = 0. What is the highest common divisor of l and o?
5
Let m be (834/10 + 4/(-2))/((-5)/(-25)). Calculate the highest common divisor of 55 and m.
11
Let r = 129 + -127. Suppose 0 = -2*w + 2*u - 62 + 220, r*u - 2 = 0. Calculate the greatest common divisor of w and 180.
20
Let a = -93 - -129. Suppose o - 2*l - a = 0, -2*l + 5 = -3*l. Let d be -2 + 914/o + (-10)/65. What is the highest common divisor of 3 and d?
3
Let d(c) = 19*c + 60. Let u be d(-4). Let y(k) = -k**2 - 27*k - 162. Let g be y(u). What is the greatest common factor of 154 and g?
14
Let m(o) = -2 + o**2 + 6*o**2 + 23*o - 8*o**2 - 8. Let k be m(10). What is the greatest common divisor of k and 60?
60
Suppose -239*l - 4*x = -243*l + 3924, 0 = -5*l + 4*x + 4910. Calculate the highest common divisor of 232 and l.
58
Suppose -1797 = 39*u - 9051. What is the greatest common factor of u and 248?
62
Suppose -a - i + 6 = 0, 7*i - 2*i - 26 = -3*a. Suppose 0 = -a*f - 5*o + 509, -2*f + 5*o = 6*o - 489. Calculate the highest common factor of f and 22.
22
Suppose 3*j - 692 = b, j - 187 = 4*b + 29. What is the highest common divisor of j and 493?
29
Let q = -32 - -61. Suppose -5*a - 27 = -8*a + 3*x, -2*a - 10 = 5*x. Suppose -a*z = -w + q - 2, 2*w = 2*z + 38. What is the highest common factor of w